{"id":21,"date":"2015-03-05T20:30:16","date_gmt":"2015-03-05T19:30:16","guid":{"rendered":"http:\/\/www.sustman.pwsz.konin.edu.pl\/?page_id=21"},"modified":"2015-03-12T10:28:26","modified_gmt":"2015-03-12T09:28:26","slug":"rekrutacja","status":"publish","type":"page","link":"https:\/\/sustman.konin.edu.pl\/?page_id=21","title":{"rendered":"Rekrutacja"},"content":{"rendered":"<p>\n\t<span style=\"font-size:14px;\"><span style=\"font-family:arial,helvetica,sans-serif;\">W projekcie <strong>&bdquo;<\/strong><strong>SUSTMAN &ndash; Przedsi\u0119biorczo\u015b\u0107, zr&oacute;wnowa\u017cony rozw&oacute;j i produkcja dla student&oacute;w PWSZ w Koninie&rdquo;&nbsp;<\/strong>mog\u0105 uczestniczy\u0107&nbsp;studenci PWSZ wszystkich kierunk&oacute;w i specjalno\u015bci. Udzia\u0142 jest bezp\u0142atny. W ramach projektu realizowany b\u0119dzie cykl szkole\u0144 obejmuj\u0105cy nast\u0119puj\u0105ce zaj\u0119cia: &bdquo;Eko-Przedsi\u0119biorczo\u015b\u0107&rdquo;, &bdquo;Umiej\u0119tno\u015bci mi\u0119kkie i komunikacja&rdquo;, &bdquo;Zr&oacute;wnowa\u017cony rozw&oacute;j, zr&oacute;wnowa\u017cone procesy produkcji i us\u0142ug&rdquo;, oraz wyjazdy studyjne i warsztaty w Polsce i Norwegii.<\/span><\/span>\n<\/p>\n<p>\n\t<u><font face=\"arial, helvetica, sans-serif\"><span style=\"font-size: 14px; line-height: 22.3999996185303px;\">Projekt ma na celu:&nbsp;<\/span><\/font><\/u>\n<\/p>\n<ul>\n<li>\n\t\t<font face=\"arial, helvetica, sans-serif\"><span style=\"font-size: 14px; line-height: 22.3999996185303px;\">pom&oacute;c studentom w odnalezieniu si\u0119 na polskim i europejskim rynku pracy,&nbsp;<\/span><\/font>\n\t<\/li>\n<li>\n\t\t<font face=\"arial, helvetica, sans-serif\"><span style=\"font-size: 14px; line-height: 22.3999996185303px;\">pom&oacute;c w prze\u0142amywaniu barier j\u0119zykowych,&nbsp;<\/span><\/font>\n\t<\/li>\n<li>\n\t\t<font face=\"arial, helvetica, sans-serif\"><span style=\"font-size: 14px; line-height: 22.3999996185303px;\">propagowanie najnowszych trend&oacute;w w gospodarce europejskiej w sektorach produkcyjnym i us\u0142ugowym,&nbsp;<\/span><\/font>\n\t<\/li>\n<li>\n\t\t<font face=\"arial, helvetica, sans-serif\"><span style=\"font-size: 14px; line-height: 22.3999996185303px;\">umo\u017cliwienie rozwoju umiej\u0119tno\u015bci mi\u0119kkich,&nbsp;<\/span><\/font>\n\t<\/li>\n<li>\n\t\t<font face=\"arial, helvetica, sans-serif\"><span style=\"font-size: 14px; line-height: 22.3999996185303px;\">wspieranie&nbsp;powstawania nowych firm,<\/span><\/font>\n\t<\/li>\n<li>\n\t\t<font face=\"arial, helvetica, sans-serif\"><span style=\"font-size: 14px; line-height: 22.3999996185303px;\">zwi\u0119kszenie i intensyfikacj\u0119 wsp&oacute;\u0142pracy Polski i Norwegii,&nbsp;<\/span><\/font>\n\t<\/li>\n<li>\n\t\t<font face=\"arial, helvetica, sans-serif\"><span style=\"font-size: 14px; line-height: 22.3999996185303px;\">zmniejszanie r&oacute;\u017cnic spo\u0142ecznych i ekonomicznych w Europie,&nbsp;<\/span><\/font>\n\t<\/li>\n<li>\n\t\t<font face=\"arial, helvetica, sans-serif\"><span style=\"font-size: 14px; line-height: 22.3999996185303px;\">propagowanie trend&oacute;w ekologicznych w trosce o klimat i \u015brodowisko naturalne.&nbsp;<\/span><\/font><br \/>\n\t\t&nbsp;\n\t<\/li>\n<\/ul>\n<p style=\"text-align: center;\">\n\t<strong><span style=\"font-size:14px;\"><span style=\"font-family:arial,helvetica,sans-serif;\">Warunkiem przyst\u0105pienia i uczestnictwa w projekcie jest zapoznanie sie z regulaminem oraz pobranie,&nbsp;wype\u0142nienie i z\u0142o\u017cenie w <u><a href=\"http:\/\/www.sustman.pwsz.konin.edu.pl\/?page_id=79\">biurze projektu<\/a> <\/u>wszytkich&nbsp;wymaganych&nbsp;<u><a href=\"http:\/\/www.sustman.pwsz.konin.edu.pl\/?page_id=114\">formularzy<\/a><\/u>.&nbsp;<\/span><\/span><\/strong><br \/>\n\t<strong><span style=\"font-size:14px;\"><span style=\"font-family:arial,helvetica,sans-serif;\"><span style=\"font-size:16px;\">Nab&oacute;r trwa do ko\u0144ca maja 2015.&nbsp;<\/span><\/span><\/span><\/strong><\/p>\n","protected":false},"excerpt":{"rendered":"<p>W projekcie &bdquo;SUSTMAN &ndash; Przedsi\u0119biorczo\u015b\u0107, zr&oacute;wnowa\u017cony rozw&oacute;j i produkcja dla student&oacute;w PWSZ w Koninie&rdquo;&nbsp;mog\u0105 uczestniczy\u0107&nbsp;studenci PWSZ wszystkich kierunk&oacute;w i specjalno\u015bci. Udzia\u0142 jest bezp\u0142atny. W ramach projektu realizowany b\u0119dzie cykl szkole\u0144 obejmuj\u0105cy nast\u0119puj\u0105ce zaj\u0119cia: &bdquo;Eko-Przedsi\u0119biorczo\u015b\u0107&rdquo;, &bdquo;Umiej\u0119tno\u015bci mi\u0119kkie i komunikacja&rdquo;, &bdquo;Zr&oacute;wnowa\u017cony rozw&oacute;j, &hellip; <a class=\"more-link\" href=\"https:\/\/sustman.konin.edu.pl\/?page_id=21\">Czytaj dalej <span class=\"meta-nav\">&rarr;<\/span><\/a><\/p>\n","protected":false},"author":1,"featured_media":0,"parent":0,"menu_order":0,"comment_status":"closed","ping_status":"closed","template":"","meta":{"footnotes":""},"class_list":["post-21","page","type-page","status-publish","hentry"],"aioseo_notices":[],"_links":{"self":[{"href":"https:\/\/sustman.konin.edu.pl\/index.php?rest_route=\/wp\/v2\/pages\/21","targetHints":{"allow":["GET"]}}],"collection":[{"href":"https:\/\/sustman.konin.edu.pl\/index.php?rest_route=\/wp\/v2\/pages"}],"about":[{"href":"https:\/\/sustman.konin.edu.pl\/index.php?rest_route=\/wp\/v2\/types\/page"}],"author":[{"embeddable":true,"href":"https:\/\/sustman.konin.edu.pl\/index.php?rest_route=\/wp\/v2\/users\/1"}],"replies":[{"embeddable":true,"href":"https:\/\/sustman.konin.edu.pl\/index.php?rest_route=%2Fwp%2Fv2%2Fcomments&post=21"}],"version-history":[{"count":15,"href":"https:\/\/sustman.konin.edu.pl\/index.php?rest_route=\/wp\/v2\/pages\/21\/revisions"}],"predecessor-version":[{"id":203,"href":"https:\/\/sustman.konin.edu.pl\/index.php?rest_route=\/wp\/v2\/pages\/21\/revisions\/203"}],"wp:attachment":[{"href":"https:\/\/sustman.konin.edu.pl\/index.php?rest_route=%2Fwp%2Fv2%2Fmedia&parent=21"}],"curies":[{"name":"wp","href":"https:\/\/api.w.org\/{rel}","templated":true}]}}