{"id":795,"date":"2017-03-09T10:32:38","date_gmt":"2017-03-09T09:32:38","guid":{"rendered":"http:\/\/www.sustman.pwsz.konin.edu.pl\/?page_id=795"},"modified":"2019-03-01T11:28:32","modified_gmt":"2019-03-01T10:28:32","slug":"plan-zajec","status":"publish","type":"page","link":"https:\/\/sustman.konin.edu.pl\/?page_id=795","title":{"rendered":"Plan zaj\u0119\u0107"},"content":{"rendered":"<p>\n\tUczestnicy projektu proszeni s\u0105&nbsp;o ucz\u0119szczanie na zaj\u0119cia zgodnie z nast\u0119puj\u0105cym planem zaj\u0119\u0107:&nbsp;\n<\/p>\n<p>\n\t<a href=\"http:\/\/www.sustman.pwsz.konin.edu.pl\/wp-content\/uploads\/2019\/03\/Plan_2018-19.pdf\"><u><strong><span style=\"color:#0000CD;\">Plan zaj\u0119\u0107 w&nbsp;semestrze letnim 2018\/2019<\/span><\/strong><\/u><\/a>\n<\/p>\n<p>\n\t<a href=\"http:\/\/www.sustman.pwsz.konin.edu.pl\/wp-content\/uploads\/2017\/03\/plan-zajec-luty-czerwiec-2017.pdf\"><u><strong><span style=\"color:#0000CD;\">Plan zaj\u0119\u0107 w ramach dodatkowego modu\u0142u semestrze letnim 2016\/2017<\/span><\/strong><span style=\"color:#0000CD;\"><strong>&nbsp;(luty &#8211; czerwiec 2017)<\/strong><\/span><\/u><\/a>\n<\/p>\n<p>\n\t<u><a href=\"http:\/\/www.sustman.pwsz.konin.edu.pl\/wp-content\/uploads\/2016\/03\/plan_II.pdf\"><span style=\"color:#0000CD;\"><strong>Plan zaj\u0119\u0107 w semestrze letnim&nbsp;(II edycja 2015\/2016)<\/strong><\/span><\/a><\/u>\n<\/p>\n<p>\n\t<u><strong><a href=\"http:\/\/www.sustman.pwsz.konin.edu.pl\/wp-content\/uploads\/2015\/10\/plan_zajec_sustman-1.pdf\"><span style=\"color:#0000CD;\">Plan&nbsp;zaj\u0119\u0107 w semestrze zimowym (I edycja 2015\/2016)<\/span><\/a><\/strong><\/u><\/p>\n","protected":false},"excerpt":{"rendered":"<p>Uczestnicy projektu proszeni s\u0105&nbsp;o ucz\u0119szczanie na zaj\u0119cia zgodnie z nast\u0119puj\u0105cym planem zaj\u0119\u0107:&nbsp; Plan zaj\u0119\u0107 w&nbsp;semestrze letnim 2018\/2019 Plan zaj\u0119\u0107 w ramach dodatkowego modu\u0142u semestrze letnim 2016\/2017&nbsp;(luty &#8211; czerwiec 2017) Plan zaj\u0119\u0107 w semestrze letnim&nbsp;(II edycja 2015\/2016) Plan&nbsp;zaj\u0119\u0107 w semestrze zimowym &hellip; <a class=\"more-link\" href=\"https:\/\/sustman.konin.edu.pl\/?page_id=795\">Czytaj dalej <span class=\"meta-nav\">&rarr;<\/span><\/a><\/p>\n","protected":false},"author":1,"featured_media":0,"parent":0,"menu_order":0,"comment_status":"closed","ping_status":"closed","template":"","meta":{"footnotes":""},"class_list":["post-795","page","type-page","status-publish","hentry"],"aioseo_notices":[],"_links":{"self":[{"href":"https:\/\/sustman.konin.edu.pl\/index.php?rest_route=\/wp\/v2\/pages\/795","targetHints":{"allow":["GET"]}}],"collection":[{"href":"https:\/\/sustman.konin.edu.pl\/index.php?rest_route=\/wp\/v2\/pages"}],"about":[{"href":"https:\/\/sustman.konin.edu.pl\/index.php?rest_route=\/wp\/v2\/types\/page"}],"author":[{"embeddable":true,"href":"https:\/\/sustman.konin.edu.pl\/index.php?rest_route=\/wp\/v2\/users\/1"}],"replies":[{"embeddable":true,"href":"https:\/\/sustman.konin.edu.pl\/index.php?rest_route=%2Fwp%2Fv2%2Fcomments&post=795"}],"version-history":[{"count":9,"href":"https:\/\/sustman.konin.edu.pl\/index.php?rest_route=\/wp\/v2\/pages\/795\/revisions"}],"predecessor-version":[{"id":835,"href":"https:\/\/sustman.konin.edu.pl\/index.php?rest_route=\/wp\/v2\/pages\/795\/revisions\/835"}],"wp:attachment":[{"href":"https:\/\/sustman.konin.edu.pl\/index.php?rest_route=%2Fwp%2Fv2%2Fmedia&parent=795"}],"curies":[{"name":"wp","href":"https:\/\/api.w.org\/{rel}","templated":true}]}}